when 1321748 is divided by 2692?
2668
Calculate the remainder when 20969334 is divided by 4193856.
54
What is the remainder when 373361 is divided by 765?
41
Calculate the remainder when 90966 is divided by 508.
34
What is the remainder when 286997 is divided by 2517?
59
Calculate the remainder when 1143477 is divided by 1717.
1672
Calculate the remainder when 320575 is divided by 274.
269
What is the remainder when 2707358 is divided by 1171?
6
What is the remainder when 3722020 is divided by 19?
15
What is the remainder when 40467 is divided by 13459?
90
Calculate the remainder when 19565200 is divided by 849.
844
Calculate the remainder when 111912006 is divided by 170858.
16
Calculate the remainder when 536975 is divided by 178778.
641
Calculate the remainder when 112181449 is divided by 63.
58
Calculate the remainder when 6406861 is divided by 246.
37
What is the remainder when 56865 is divided by 394?
129
Calculate the remainder when 12692 is divided by 4896.
2900
Calculate the remainder when 2236289 is divided by 745142.
863
What is the remainder when 9096 is divided by 3933?
1230
Calculate the remainder when 448387 is divided by 6692.
23
What is the remainder when 61569444 is divided by 3005?
3004
What is the remainder when 1320939 is divided by 170?
39
What is the remainder when 570527 is divided by 49?
20
Calculate the remainder when 242554 is divided by 133.
95
Calculate the remainder when 34116982 is divided by 3114.
3112
Calculate the remainder when 2999473 is divided by 999702.
367
Calculate the remainder when 105096 is divided by 20831.
941
What is the remainder when 360049 is divided by 17137?
172
What is the remainder when 398508 is divided by 79?
32
What is the remainder when 271854 is divided by 38806?
212
Calculate the remainder when 141769 is divided by 19802.
3155
What is the remainder when 140126458 is divided by 783?
778
Calculate the remainder when 70943749 is divided by 1826.
1823
What is the remainder when 437847 is divided by 3744?
3543
What is the remainder when 6720303 is divided by 30?
3
Calculate the remainder when 1810746 is divided by 682.
36
What is the remainder when 12381242 is divided by 409?
403
What is the remainder when 6167767 is divided by 8346?
73
What is the remainder when 12261975 is divided by 7418?
21
Calculate the remainder when 42923 is divided by 41631.
1292
Calculate the remainder when 1471373 is divided by 5076.
4409
Calculate the remainder when 84686007 is divided by 252794.
17
Calculate the remainder when 163230 is divided by 179.
161
Calculate the remainder when 2117182 is divided by 2233.
298
What is the remainder when 36730902 is divided by 6121812?
30
Calculate the remainder when 37059646 is divided by 114.
70
Calculate the remainder when 169903 is divided by 402.
259
What is the remainder when 277225855 is divided by 21?
4
What is the remainder when 3367215 is divided by 175?
40
What is the remainder when 472020 is divided by 14748?
84
Calculate the remainder when 5493393 is divided by 67.
63
Calculate the remainder when 215228443 is divided by 43045687.
8
What is the remainder when 3051717 is divided by 593?
139
Calculate the remainder when 27269 is divided by 8935.
464
What is the remainder when 732414 is divided by 1212?
366
What is the remainder when 180980 is divided by 173367?
7613
Calculate the remainder when 688454 is divided by 5420.
114
What is the remainder when 24673 is divided by 298?
237
What is the remainder when 15658314 is divided by 5219435?
9
Calculate the remainder when 3860431 is divided by 258.
235
Calculate the remainder when 1848190 is divided by 1848188.
2
What is the remainder when 4854 is divided by 3570?
1284
What is the remainder when 30524 is divided by 4587?
3002
What is the remainder when 71350 is divided by 2349?
880
What is the remainder when 113188059 is divided by 964?
963
What is the remainder when 106633523 is divided by 1622?
1621
Calculate the remainder when 2289781 is divided by 95.
91
Calculate the remainder when 111714204 is divided by 47.
45
Calculate the remainder when 1250644 is divided by 1339.
18
What is the remainder when 695354 is divided by 173820?
74
What is the remainder when 4942755 is divided by 44934?
15
Calculate the remainder when 1129688 is divided by 7335.
98
What is the remainder when 631299 is divided by 118?
117
Calculate the remainder when 3480820 is divided by 32531.
3
Calculate the remainder when 226412 is divided by 45240.
212
Calculate the remainder when 14539 is divided by 14405.
134
Calculate the remainder when 6364912 is divided by 1073.
949
Calculate the remainder when 10185676 is divided by 25.
1
What is the remainder when 2260424 is divided by 107639?
5
Calculate the remainder when 7926481 is divided by 10888.
17
What is the remainder when 18468420 is divided by 34846?
40
What is the remainder when 2945330 is divided by 18181?
8
Calculate the remainder when 1393160 is divided by 709.
684
What is the remainder when 183 is divided by 103?
80
What is the remainder when 193609 is divided by 9670?
209
What is the remainder when 302382 is divided by 42902?
2068
What is the remainder when 182356 is divided by 3924?
1852
What is the remainder when 1635863 is divided by 117?
86
What is the remainder when 24034492 is divided by 251?
238
Calculate the remainder when 729989 is divided by 16587.
161
Calculate the remainder when 2550530 is divided by 3419.
3375
Calculate the remainder when 46637754 is divided by 54.
6
Calculate the remainder when 655436 is divided by 1194.
1124
Calculate the remainder when 698984 is divided by 139684.
564
Calculate the remainder when 37336369 is divided by 163756.
1
Calculate the remainder when 3827168 is divided by 509.
506
Calculate the remainder when 975200 is divided by 681.
8
What is the remainder when 11498 is divided by 1522?
844
What is the remainder when 10186471 is divided by 2622?
1
What is the remainder when 3293063 is divided by 45?
8
What is the remainder when 578167 is divided by 25?
17
What is the remainder when 141273 is divided by 2049?
1941
What is the remainder when 37850 is divided by 214?
186
Calculate the remainder when 672785 is divided by 239.
0
What is the remainder when 75884 is divided by 14483?
3469
What is the remainder when 421636 is divided by 83819?
2541
Calculate the remainder when 27435 is divided by 520.
395
What is the remainder when 75588 is divided by 553?
380
Calculate the remainder when 138756 is divided by 33692.
3988
Calculate the remainder when 1410116 is divided by 20143.
106
Calculate the remainder when 6314177 is divided by 590.
587
Calculate the remainder when 9632484 is divided by 344017.
8
Calculate the remainder when 266841 is divided by 20526.
3
What is the remainder when 30855 is divided by 548?
167
What is the remainder when 8299 is divided by 1926?
595
What is the remainder when 26719826 is divided by 261959?
8
Calculate the remainder when 6265344 is divided by 1566335.
4
Calculate the remainder when 24143554 is divided by 529.
523
What is the remainder when 3090964 is divided by 146?
144
Calculate the remainder when 103365200 is divided by 301.
295
Calculate the remainder when 80266549 is divided by 1183.
1182
What is the remainder when 2535623 is divided by 23?
11
Calculate the remainder when 420593 is divided by 1185.
1103
What is the remainder when 1052298 is divided by 1712?
1130
What is the remainder when 41666740 is divided by 167?
73
Calculate the remainder when 35773 is divided by 9984.
5821
Calculate the remainder when 185368 is divided by 50.
18
What is the remainder when 64086 is divided by 21331?
93
What is the remainder when 39809132 is divided by 48?
44
What is the remainder when 180988 is divided by 1806?
388
What is the remainder when 998910 is divided by 440?
110
Calculate the remainder when 432965408 is divided by 3321.
3317
Calculate the remainder when 318541 is divided by 10275.
16
What is the remainder when 30661999 is divided by 1342?
1325
Calculate the remainder when 86262042 is divided by 815.
812
Calculate the remainder when 490680 is divided by 245336.
8
What is the remainder when 42355662 is divided by 66807?
24
Calculate the remainder when 2362034 is divided by 124316.
30
Calculate the remainder when 1798